{"id":614,"date":"2018-05-30T11:53:04","date_gmt":"2018-05-30T09:53:04","guid":{"rendered":"http:\/\/lokator-wloszczowa.pl\/?page_id=614"},"modified":"2018-07-18T13:10:18","modified_gmt":"2018-07-18T11:10:18","slug":"polityka-prywatnosci","status":"publish","type":"page","link":"https:\/\/lokator-wloszczowa.pl\/index.php\/polityka-prywatnosci\/","title":{"rendered":"Polityka prywatno\u015bci"},"content":{"rendered":"<p><strong>Szanowni Pa\u0144stwo,\u00a0<\/strong><\/p>\n<p>w dniu 25 maja 2018 roku wesz\u0142o w \u017cycie Rozporz\u0105dzenie Parlamentu Europejskiego i Rady (UE) 2016\/679 z dnia 27 kwietnia 2016 roku w sprawie ochrony os\u00f3b fizycznych w zwi\u0105zku<br \/>\nz przetwarzaniem danych osobowych i w sprawie swobodnego przep\u0142ywu takich danych oraz uchylenia dyrektywy 95\/46\/WE, potocznie zwane RODO.<\/p>\n<p>&nbsp;<\/p>\n<ul>\n<li><strong>Nowe regulacje<\/strong><\/li>\n<\/ul>\n<p>Nowe przepisy maj\u0105 na celu ujednolicenie i uporz\u0105dkowanie dotychczas istniej\u0105cych regu\u0142 dotycz\u0105cych przetwarzania i ochrony danych osobowych. RODO przyznaje osobom fizycznym nowe uprawnienia w zakresie ochrony ich danych osobowych, za\u015b ta okoliczno\u015b\u0107 generuje nowe obowi\u0105zki po stronie administrator\u00f3w danych, jak i pozosta\u0142ych podmiot\u00f3w przetwarzaj\u0105cych dane osobowe.<br \/>\nZ powy\u017cszych wzgl\u0119d\u00f3w przekazujemy Pa\u0144stwu informacje dotycz\u0105ce zasad przetwarzania przez nas danych osobowych.<\/p>\n<p>&nbsp;<\/p>\n<ul>\n<li><strong>Administrator danych osobowych<\/strong><\/li>\n<\/ul>\n<p>Administratorem Pa\u0144stwa danych osobowych jest Sp\u00f3\u0142dzielnia Mieszkaniowa &#8222;Lokator&#8221;, Osiedle Broniewskiego 14, 29-100 W\u0142oszczowa.<\/p>\n<p>Kontakt z Administratorem mo\u017cliwy jest:<\/p>\n<ul>\n<li>listownie: na adres podany wy\u017cej,<\/li>\n<li>za po\u015brednictwem maila: lokator@gmail.com<\/li>\n<li>telefonicznie: (41) 394 22 70<\/li>\n<\/ul>\n<p>&nbsp;<\/p>\n<ul>\n<li><strong>Inspektor ochrony danych<\/strong><\/li>\n<\/ul>\n<p>Kontakt z Inspektorem ochrony danych w Sp\u00f3\u0142dzielni Mieszkaniowej \u201eLokator\u201d mo\u017cliwy pod adresem e-mail: iod@lokator-wloszczowa.pl.<\/p>\n<p>&nbsp;<\/p>\n<ul>\n<li><strong>Cel przetwarzania danych osobowych<\/strong><\/li>\n<\/ul>\n<p>Dane osobowe s\u0105 przetwarzane na potrzeby prowadzenia dzia\u0142alno\u015bci statutowej Administratora<br \/>\nw kategoriach:<\/p>\n<ul>\n<li>cz\u0142onkowie i inne osoby zamieszka\u0142e lub posiadaj\u0105ce lokal w zasobach Sp\u00f3\u0142dzielni,<\/li>\n<li>pracownicy i osoby zatrudnione na podstawie umowy o dzie\u0142o lub zlecenie,<\/li>\n<li>kontrahenci oraz inne osoby wsp\u00f3\u0142pracuj\u0105ce,<\/li>\n<li>kandydaci do zatrudnienia.<\/li>\n<\/ul>\n<p><strong>Dane cz\u0142onk\u00f3w i innych osoby zamieszka\u0142e lub posiadaj\u0105ce lokal w zasobach Sp\u00f3\u0142dzielni<\/strong> s\u0105 przetwarzane w celu realizacji przez Administratora obowi\u0105zk\u00f3w statutowych i zawartych um\u00f3w na podstawie:<\/p>\n<p>Rozporz\u0105dzenia parlamentu europejskiego i rady (UE) 2016\/679 z dnia 27 kwietnia 2016 roku:<\/p>\n<ul>\n<li>6 pkt 1 lit. c \u2013 niezb\u0119dne do wype\u0142nienia obowi\u0105zku prawnego ci\u0105\u017c\u0105cego na administratorze,<\/li>\n<li>6 pkt 1 lit. b &#8211; niezb\u0119dne do wykonania umowy lub ich zawarcia,<\/li>\n<li>6 pkt 1 lit. d \u2013 jest niezb\u0119dne do ochrony \u017cywotnych interes\u00f3w osoby, kt\u00f3rej dane dotycz\u0105,<\/li>\n<\/ul>\n<p>Kodeksu cywilnego, Ustawy Prawo Sp\u00f3\u0142dzielcze, Ustawa o sp\u00f3\u0142dzielniach mieszkaniowych.<\/p>\n<p><strong>Dane pracownik\u00f3w i os\u00f3b zatrudnione na podstawie umowy o dzie\u0142o lub<\/strong> <strong>zlecenie<\/strong> s\u0105 przetwarzane w celu realizacji przez Administratora obowi\u0105zk\u00f3w zwi\u0105zanych z zatrudnieniem pracownik\u00f3w lub os\u00f3b wykonuj\u0105cych umow\u0119 o dzie\u0142o lub zlecenie na podstawie:<\/p>\n<p>Rozporz\u0105dzenia parlamentu europejskiego i rady (UE) 2016\/679 z dnia 27 kwietnia 2016 r.<\/p>\n<ul>\n<li>6 pkt 1 lit. c &#8211; niezb\u0119dne do wype\u0142nienia obowi\u0105zku prawnego ci\u0105\u017c\u0105cego na Administratorze.<\/li>\n<li>6 pkt 1 lit. b &#8211; niezb\u0119dne do wykonania umowy lub ich zawarcia,<\/li>\n<li>6 pkt 1 lit. a &#8211; zgody na publikacje wizerunku,<\/li>\n<li>9 pkt 2 lit. b &#8211; szczeg\u00f3lne kategorie danych osobowych przetwarzane s\u0105 do wype\u0142nienia obowi\u0105zku prawnego ci\u0105\u017c\u0105cego na administratorze,<\/li>\n<\/ul>\n<p>Kodeksu pracy, Kodeksu cywilnego, Regulamin Pracy.<\/p>\n<p><strong>Dane kontrahent\u00f3w i wsp\u00f3\u0142pracownik\u00f3w<\/strong> s\u0105 przetwarzane w celu zawarcia i realizacji um\u00f3w na podstawie:<\/p>\n<p>Rozporz\u0105dzenia parlamentu europejskiego i rady (UE) 2016\/679 z dnia 27 kwietnia 2016 r.<\/p>\n<ul>\n<li>6 pkt 1 lit. b \u2013 niezb\u0119dne do wykonania umowy lub ich zawarcia,<\/li>\n<\/ul>\n<p>Kodeksu cywilny.<\/p>\n<p><strong>Dane kandydat\u00f3w na pracownik\u00f3w<\/strong> s\u0105 przetwarzane w celu realizacji aktualnej i przysz\u0142ych rekrutacji do pracy w naszej firmie na podstawie:<\/p>\n<p>Rozporz\u0105dzenia parlamentu europejskiego i rady (UE) 2016\/679 z dnia 27 kwietnia 2016 r.<\/p>\n<ul>\n<li>6 pkt 1 lit. a \u2013 zgoda na przetwarzanie danych w zwi\u0105zku z rekrutacja,<\/li>\n<\/ul>\n<p>Kodeksu pracy.<\/p>\n<p>&nbsp;<\/p>\n<ul>\n<li><strong>Odbiorcy danych<\/strong><\/li>\n<\/ul>\n<p><strong>Dane cz\u0142onk\u00f3w i innych osoby zamieszka\u0142e lub posiadaj\u0105ce lokal w zasobach Sp\u00f3\u0142dzielni<\/strong> s\u0105 przekazywane firmom rozliczaj\u0105cym CO.<\/p>\n<p><strong>Dane pracownik\u00f3w \u00a0i os\u00f3b zatrudnionych na podstawie umowy<\/strong> <strong>o dzie\u0142o lub<\/strong> <strong>zlecenie<\/strong> s\u0105 przekazywane do ZUS, US, medycyny pracy, bank\u00f3w,\u00a0 firmy i instytucji szkoleniowych, obs\u0142ugi BHP, firmy ubezpieczeniowych.<\/p>\n<p>W pozosta\u0142ych kategoriach Administrator nie przekazuje danych.<\/p>\n<p>Administrator nie przekazuje r\u00f3wnie\u017c danych osobowych do pa\u0144stwa trzeciego lub organizacji mi\u0119dzynarodowych.<\/p>\n<p>&nbsp;<\/p>\n<ul>\n<li><strong>Okres przetwarzania danych<\/strong><\/li>\n<\/ul>\n<p>Dane osobowe b\u0119d\u0105 przetwarzane przez okres niezb\u0119dny do prowadzenia dzia\u0142alno\u015bci statutowej Administratora.<\/p>\n<p><strong>Dane cz\u0142onk\u00f3w i innych osoby zamieszka\u0142e lub posiadaj\u0105ce lokal w zasobach Sp\u00f3\u0142dzielni <\/strong>s\u0105 przechowywane przez okres 5 lat po zako\u0144czeniu i rozliczeniu umowy oraz wszelkich zobowi\u0105za\u0144.<\/p>\n<p><strong>Dane pracownik\u00f3w \u00a0i os\u00f3b zatrudnionych na podstawie umowy o dzie\u0142o lub zlecenie<\/strong> s\u0105 przechowywane przez:<\/p>\n<p>50 lat &#8211; dokumenty dla ustalenia podstawy wymiaru emerytury lub renty, akta osobowe,<\/p>\n<p>25 lat &#8211; dokumentacja zwi\u0105zana z \u015bmiertelnymi, zbiorowymi i inwalidzkimi wypadkami przy pracy<\/p>\n<p>10 lat &#8211; dokumenty uzyskania stopnia awansu zawodowego, dokumentacja zwi\u0105zana z wypadkami przy pracy lub chorobami zawodowymi, pomoc zdrowotna dla nauczycieli,<\/p>\n<p>5 lat &#8211; dokumentacja podatkowa, ZUS i ZF\u015aS, wnioski urlopowe, konkursy na stanowiska<\/p>\n<p>3 lata &#8211; listy obecno\u015bci,<\/p>\n<p>w pozosta\u0142ych przypadkach do ustania przyczyn biznesowych oraz do momentu odwo\u0142ania zgody,<\/p>\n<p><strong>Dane kontrahent\u00f3w i wsp\u00f3\u0142pracownik\u00f3w<\/strong> s\u0105 przechowywane przez okres 5 lat po zako\u0144czeniu<br \/>\ni rozliczeniu umowy.<\/p>\n<p><strong>Dane kandydat\u00f3w na pracownik\u00f3w<\/strong> s\u0105 przechowywane do zako\u0144czenia procesu rekrutacyjnego nie d\u0142u\u017cej jednak ni\u017c 2 lata.<\/p>\n<p>&nbsp;<\/p>\n<ul>\n<li><strong>Prawa os\u00f3b, kt\u00f3rych dane dotycz\u0105<\/strong><\/li>\n<\/ul>\n<p>Zgodnie z\u00a0Rozporz\u0105dzenia parlamentu europejskiego i rady (UE) 2016\/679 z dnia 27 kwietnia 2016 r przys\u0142uguje Pa\u0144stwu prawo do:<\/p>\n<p>&#8211; dost\u0119pu do danych osobowych,<\/p>\n<p>&#8211; \u017c\u0105dania sprostowania danych osobowych,<\/p>\n<p>&#8211; \u017c\u0105dania usuni\u0119cia danych osobowych,<\/p>\n<p>&#8211; ograniczenia przetwarzania danych osobowych,<\/p>\n<p>&#8211; wniesienia sprzeciwu wobec przetwarzania,<\/p>\n<p>&#8211; cofni\u0119cia zgody na przetwarzanie danych osobowych,<\/p>\n<p>&#8211; przenoszenia danych,<\/p>\n<p>&#8211; wniesienia skargi do organu nadzoru.<\/p>\n<p>&nbsp;<\/p>\n<ul>\n<li><strong>Pozosta\u0142e informacje<\/strong><\/li>\n<\/ul>\n<p>Podanie danych osobowych w zakresie wymaganym dla realizacji okre\u015blonych wy\u017cej cel\u00f3w jest obowi\u0105zkowe, ich nie podanie uniemo\u017cliwi realizacj\u0119 zada\u0144 wyznaczonych przez cel przetwarzania. W pozosta\u0142ym zakresie jest dobrowolne. Pa\u0144stwa dane nie b\u0119d\u0105 poddane zautomatyzowanym podejmowaniu decyzji (profilowaniu). W przypadku zmiany celu przetwarzania Administrator przeka\u017ce Pa\u0144stwu odpowiedni\u0105 informacj\u0119<\/p>\n<p>&nbsp;<\/p>\n<p>Pozostajemy do Pa\u0144stwa dyspozycji.<\/p>\n<p>&nbsp;<\/p>\n","protected":false},"excerpt":{"rendered":"<p>Szanowni Pa\u0144stwo,\u00a0 w dniu 25 maja 2018 roku wesz\u0142o w \u017cycie Rozporz\u0105dzenie Parlamentu Europejskiego i Rady (UE) 2016\/679 z dnia 27 kwietnia 2016 roku w sprawie ochrony os\u00f3b fizycznych w zwi\u0105zku z przetwarzaniem danych osobowych i w sprawie swobodnego przep\u0142ywu takich danych oraz uchylenia dyrektywy 95\/46\/WE, potocznie zwane RODO. &nbsp; Nowe regulacje Nowe przepisy maj\u0105 [&hellip;]<\/p>\n","protected":false},"author":1,"featured_media":0,"parent":0,"menu_order":0,"comment_status":"closed","ping_status":"closed","template":"","meta":[],"_links":{"self":[{"href":"https:\/\/lokator-wloszczowa.pl\/index.php\/wp-json\/wp\/v2\/pages\/614"}],"collection":[{"href":"https:\/\/lokator-wloszczowa.pl\/index.php\/wp-json\/wp\/v2\/pages"}],"about":[{"href":"https:\/\/lokator-wloszczowa.pl\/index.php\/wp-json\/wp\/v2\/types\/page"}],"author":[{"embeddable":true,"href":"https:\/\/lokator-wloszczowa.pl\/index.php\/wp-json\/wp\/v2\/users\/1"}],"replies":[{"embeddable":true,"href":"https:\/\/lokator-wloszczowa.pl\/index.php\/wp-json\/wp\/v2\/comments?post=614"}],"version-history":[{"count":4,"href":"https:\/\/lokator-wloszczowa.pl\/index.php\/wp-json\/wp\/v2\/pages\/614\/revisions"}],"predecessor-version":[{"id":743,"href":"https:\/\/lokator-wloszczowa.pl\/index.php\/wp-json\/wp\/v2\/pages\/614\/revisions\/743"}],"wp:attachment":[{"href":"https:\/\/lokator-wloszczowa.pl\/index.php\/wp-json\/wp\/v2\/media?parent=614"}],"curies":[{"name":"wp","href":"https:\/\/api.w.org\/{rel}","templated":true}]}}