{"id":34,"date":"2018-04-04T22:01:34","date_gmt":"2018-04-04T20:01:34","guid":{"rendered":"http:\/\/lokator-wloszczowa.pl\/?page_id=34"},"modified":"2023-05-02T08:51:25","modified_gmt":"2023-05-02T06:51:25","slug":"kontakt-2","status":"publish","type":"page","link":"https:\/\/lokator-wloszczowa.pl\/index.php\/kontakt-2\/","title":{"rendered":"Kontakt"},"content":{"rendered":"<h2><span style=\"color: #000000;\">Sp\u00f3\u0142dzielnia Mieszkaniowa LOKATOR <\/span><\/h2>\n<h3><span style=\"color: #000000;\">Osiedle Broniewskiego 14, 29-100 W\u0142oszczowa.<\/span><\/h3>\n<p><strong><span style=\"color: #000000;\">Godziny urz\u0119dowania<\/span><\/strong><br \/>\n<strong><span style=\"color: #000000;\">Poniedzia\u0142ek 7.00 \u2013 15.00<\/span><\/strong><br \/>\n<strong><span style=\"color: #000000;\">Wtorek 7.00 \u2013 15.00<\/span><\/strong><br \/>\n<strong><span style=\"color: #000000;\">\u015aroda 7.00 \u2013 15.00<\/span><\/strong><\/p>\n<p><strong><span style=\"color: #000000;\">Czwartek 7.00 \u2013 15.00\u00a0\u00a0\u00a0\u00a0<\/span><\/strong><\/p>\n<p><strong><span style=\"color: #000000;\">Pi\u0105tek 7.00 \u2013 15.00<\/span><\/strong><\/p>\n<h4>tel.\/fax\u00a0 41 394-22-70\u00a0\u00a0\u00a0\u00a0<span style=\"color: #000000;\">\u00a0 e-mail: magdalena.kita@lokator-wloszczowa.pl<\/span><\/h4>\n<h3><span style=\"color: #000000;\">NIP \u2026\u2026.. 6560000470<\/span><br \/>\n<span style=\"color: #000000;\">REGON &#8230; 000485374<\/span><br \/>\n<span style=\"color: #000000;\">KRS \u2026\u2026. 0000193370<\/span><\/h3>\n<h3><span style=\"color: #000000;\">Wsp\u00f3\u0142rz\u0119dne siedziby: 50.849086N, 19.971983E.<\/span><\/h3>\n","protected":false},"excerpt":{"rendered":"<p>Sp\u00f3\u0142dzielnia Mieszkaniowa LOKATOR Osiedle Broniewskiego 14, 29-100 W\u0142oszczowa. Godziny urz\u0119dowania Poniedzia\u0142ek 7.00 \u2013 15.00 Wtorek 7.00 \u2013 15.00 \u015aroda 7.00 \u2013 15.00 Czwartek 7.00 \u2013 15.00\u00a0\u00a0\u00a0\u00a0 Pi\u0105tek 7.00 \u2013 15.00 tel.\/fax\u00a0 41 394-22-70\u00a0\u00a0\u00a0\u00a0\u00a0 e-mail: magdalena.kita@lokator-wloszczowa.pl NIP \u2026\u2026.. 6560000470 REGON &#8230; 000485374 KRS \u2026\u2026. 0000193370 Wsp\u00f3\u0142rz\u0119dne siedziby: 50.849086N, 19.971983E.<\/p>\n","protected":false},"author":1,"featured_media":0,"parent":0,"menu_order":0,"comment_status":"closed","ping_status":"closed","template":"","meta":[],"_links":{"self":[{"href":"https:\/\/lokator-wloszczowa.pl\/index.php\/wp-json\/wp\/v2\/pages\/34"}],"collection":[{"href":"https:\/\/lokator-wloszczowa.pl\/index.php\/wp-json\/wp\/v2\/pages"}],"about":[{"href":"https:\/\/lokator-wloszczowa.pl\/index.php\/wp-json\/wp\/v2\/types\/page"}],"author":[{"embeddable":true,"href":"https:\/\/lokator-wloszczowa.pl\/index.php\/wp-json\/wp\/v2\/users\/1"}],"replies":[{"embeddable":true,"href":"https:\/\/lokator-wloszczowa.pl\/index.php\/wp-json\/wp\/v2\/comments?post=34"}],"version-history":[{"count":25,"href":"https:\/\/lokator-wloszczowa.pl\/index.php\/wp-json\/wp\/v2\/pages\/34\/revisions"}],"predecessor-version":[{"id":1610,"href":"https:\/\/lokator-wloszczowa.pl\/index.php\/wp-json\/wp\/v2\/pages\/34\/revisions\/1610"}],"wp:attachment":[{"href":"https:\/\/lokator-wloszczowa.pl\/index.php\/wp-json\/wp\/v2\/media?parent=34"}],"curies":[{"name":"wp","href":"https:\/\/api.w.org\/{rel}","templated":true}]}}