{"id":319,"date":"2018-04-10T21:05:13","date_gmt":"2018-04-10T19:05:13","guid":{"rendered":"http:\/\/lokator-wloszczowa.pl\/?page_id=319"},"modified":"2018-04-10T21:33:01","modified_gmt":"2018-04-10T19:33:01","slug":"harmonogram-dyzurow","status":"publish","type":"page","link":"https:\/\/lokator-wloszczowa.pl\/index.php\/harmonogram-dyzurow\/","title":{"rendered":"Harmonogram dy\u017cur\u00f3w RN"},"content":{"rendered":"<h3><span style=\"color: #000000;\"><a style=\"color: #000000;\" href=\"http:\/\/lokator-wloszczowa.pl\/wp-content\/uploads\/2018\/04\/Harmonogram-dy\u017cur\u00f3w-cz\u0142onk\u00f3w-Rady-Nadzorczej-w-II-kwartale-2018r..pdf\">Harmonogram dy\u017cur\u00f3w cz\u0142onk\u00f3w Rady Nadzorczej w II kwartale 2018r.<\/a><\/span><\/h3>\n","protected":false},"excerpt":{"rendered":"<p>Harmonogram dy\u017cur\u00f3w cz\u0142onk\u00f3w Rady Nadzorczej w II kwartale 2018r.<\/p>\n","protected":false},"author":1,"featured_media":0,"parent":0,"menu_order":0,"comment_status":"closed","ping_status":"closed","template":"","meta":[],"_links":{"self":[{"href":"https:\/\/lokator-wloszczowa.pl\/index.php\/wp-json\/wp\/v2\/pages\/319"}],"collection":[{"href":"https:\/\/lokator-wloszczowa.pl\/index.php\/wp-json\/wp\/v2\/pages"}],"about":[{"href":"https:\/\/lokator-wloszczowa.pl\/index.php\/wp-json\/wp\/v2\/types\/page"}],"author":[{"embeddable":true,"href":"https:\/\/lokator-wloszczowa.pl\/index.php\/wp-json\/wp\/v2\/users\/1"}],"replies":[{"embeddable":true,"href":"https:\/\/lokator-wloszczowa.pl\/index.php\/wp-json\/wp\/v2\/comments?post=319"}],"version-history":[{"count":3,"href":"https:\/\/lokator-wloszczowa.pl\/index.php\/wp-json\/wp\/v2\/pages\/319\/revisions"}],"predecessor-version":[{"id":345,"href":"https:\/\/lokator-wloszczowa.pl\/index.php\/wp-json\/wp\/v2\/pages\/319\/revisions\/345"}],"wp:attachment":[{"href":"https:\/\/lokator-wloszczowa.pl\/index.php\/wp-json\/wp\/v2\/media?parent=319"}],"curies":[{"name":"wp","href":"https:\/\/api.w.org\/{rel}","templated":true}]}}