{"id":317,"date":"2018-04-10T21:04:28","date_gmt":"2018-04-10T19:04:28","guid":{"rendered":"http:\/\/lokator-wloszczowa.pl\/?page_id=317"},"modified":"2025-12-31T09:00:00","modified_gmt":"2025-12-31T08:00:00","slug":"plan-pracy-rn","status":"publish","type":"page","link":"https:\/\/lokator-wloszczowa.pl\/index.php\/plan-pracy-rn\/","title":{"rendered":"Plan pracy RN"},"content":{"rendered":"<h3><a href=\"http:\/\/lokator-wloszczowa.pl\/wp-content\/uploads\/2025\/12\/SKM_C284e25123110090.pdf\">Plan pracy RN na I p\u00f3\u0142rocze 2026r.<\/a><\/h3>\n<h3><a href=\"http:\/\/lokator-wloszczowa.pl\/wp-content\/uploads\/2025\/09\/SKM_C284e25092609283.pdf\">Plan pracy RN na II p\u00f3\u0142rocze 2025r.<\/a><\/h3>\n<h3><a href=\"http:\/\/lokator-wloszczowa.pl\/wp-content\/uploads\/2025\/01\/SKM_C284e25011609590.pdf\">Plan pracy RN na I p\u00f3\u0142rocze 2025r.<\/a><\/h3>\n<h3><a href=\"http:\/\/lokator-wloszczowa.pl\/wp-content\/uploads\/2024\/09\/SKM_C284e24092708522.pdf\">Plan pracy RN na II p\u00f3\u0142rocze 2024<\/a><\/h3>\n<h3><a href=\"http:\/\/lokator-wloszczowa.pl\/wp-content\/uploads\/2024\/01\/SKM_C284e24011610370.pdf\">Plan pracy RN na I p\u00f3\u0142rocze 2024r.<\/a><\/h3>\n<h3><a href=\"http:\/\/lokator-wloszczowa.pl\/wp-content\/uploads\/2023\/10\/SKM_C284e23102709131.pdf\">Plan pracy RN na II p\u00f3\u0142rocze 2023r.<\/a><\/h3>\n<h3><a href=\"http:\/\/lokator-wloszczowa.pl\/wp-content\/uploads\/2023\/02\/Plan-pracy-RN.pdf\">Plan pracy RN na I p\u00f3\u0142rocze 2023<\/a><\/h3>\n<h3><a href=\"http:\/\/lokator-wloszczowa.pl\/wp-content\/uploads\/2023\/01\/Plan-pracy-RN-na-II-p\u00f3\u0142rocze-2022r..pdf\">Plan pracy RN na II p\u00f3\u0142rocze 2022<\/a><\/h3>\n<h3><a href=\"http:\/\/lokator-wloszczowa.pl\/wp-content\/uploads\/2022\/04\/Plan-pracy-RN-na-I-p\u00f3\u0142rocze-2022r..pdf\">Plan pracy RN na I p\u00f3\u0142rocze 2022<\/a><\/h3>\n<h3><a href=\"http:\/\/lokator-wloszczowa.pl\/wp-content\/uploads\/2022\/04\/Plan-pracy-RN-na-I-p\u00f3\u0142rocze-2021.pdf\">Plan pracy RN na I p\u00f3\u0142rocze 2021<\/a><\/h3>\n<h3><a href=\"http:\/\/lokator-wloszczowa.pl\/wp-content\/uploads\/2022\/04\/Plan-pracy-RN-na-II-p\u00f3\u0142rocze-2020.pdf\">Plan pracy RN na II p\u00f3\u0142rocze 2020<\/a><\/h3>\n<h3><a href=\"http:\/\/lokator-wloszczowa.pl\/wp-content\/uploads\/2022\/04\/Plan-pracy-RN-na-I-p\u00f3\u0142rocze-2020.pdf\">Plan pracy RN na I p\u00f3\u0142rocze 2020<\/a><\/h3>\n<h3><a href=\"http:\/\/lokator-wloszczowa.pl\/wp-content\/uploads\/2022\/04\/Plan-pracy-RN-na-II-p\u00f3\u0142rocze-2019.pdf\">Plan pracy RN na II p\u00f3\u0142rocze 2019<\/a><\/h3>\n<h3><span style=\"color: #000000;\"><a style=\"color: #000000;\" href=\"http:\/\/lokator-wloszczowa.pl\/wp-content\/uploads\/2018\/04\/Plan-pracy-Rady-Nadzorczej-na-I-p\u00f3\u0142rocze-2018r..pdf\">Plan pracy Rady Nadzorczej na I p\u00f3\u0142rocze 2018r.<\/a><\/span><\/h3>\n","protected":false},"excerpt":{"rendered":"<p>Plan pracy RN na I p\u00f3\u0142rocze 2026r. Plan pracy RN na II p\u00f3\u0142rocze 2025r. Plan pracy RN na I p\u00f3\u0142rocze 2025r. Plan pracy RN na II p\u00f3\u0142rocze 2024 Plan pracy RN na I p\u00f3\u0142rocze 2024r. Plan pracy RN na II p\u00f3\u0142rocze 2023r. Plan pracy RN na I p\u00f3\u0142rocze 2023 Plan pracy RN na II p\u00f3\u0142rocze [&hellip;]<\/p>\n","protected":false},"author":1,"featured_media":0,"parent":0,"menu_order":0,"comment_status":"closed","ping_status":"closed","template":"","meta":[],"_links":{"self":[{"href":"https:\/\/lokator-wloszczowa.pl\/index.php\/wp-json\/wp\/v2\/pages\/317"}],"collection":[{"href":"https:\/\/lokator-wloszczowa.pl\/index.php\/wp-json\/wp\/v2\/pages"}],"about":[{"href":"https:\/\/lokator-wloszczowa.pl\/index.php\/wp-json\/wp\/v2\/types\/page"}],"author":[{"embeddable":true,"href":"https:\/\/lokator-wloszczowa.pl\/index.php\/wp-json\/wp\/v2\/users\/1"}],"replies":[{"embeddable":true,"href":"https:\/\/lokator-wloszczowa.pl\/index.php\/wp-json\/wp\/v2\/comments?post=317"}],"version-history":[{"count":12,"href":"https:\/\/lokator-wloszczowa.pl\/index.php\/wp-json\/wp\/v2\/pages\/317\/revisions"}],"predecessor-version":[{"id":2226,"href":"https:\/\/lokator-wloszczowa.pl\/index.php\/wp-json\/wp\/v2\/pages\/317\/revisions\/2226"}],"wp:attachment":[{"href":"https:\/\/lokator-wloszczowa.pl\/index.php\/wp-json\/wp\/v2\/media?parent=317"}],"curies":[{"name":"wp","href":"https:\/\/api.w.org\/{rel}","templated":true}]}}