{"id":109,"date":"2018-04-05T10:09:24","date_gmt":"2018-04-05T08:09:24","guid":{"rendered":"http:\/\/lokator-wloszczowa.pl\/?page_id=109"},"modified":"2018-06-18T13:45:05","modified_gmt":"2018-06-18T11:45:05","slug":"sklad-zarzadu","status":"publish","type":"page","link":"https:\/\/lokator-wloszczowa.pl\/index.php\/sklad-zarzadu\/","title":{"rendered":"Sk\u0142ad Zarz\u0105du"},"content":{"rendered":"<h2><span style=\"color: #000000;\">Sk\u0142ad Zarz\u0105du Sp\u00f3\u0142dzielni:<\/span><\/h2>\n<h3><span style=\"color: #000000;\">Prezes Zarz\u0105du \u2013 Renata J\u0119drych<br \/>\n<\/span><\/h3>\n<h3><span style=\"color: #000000;\">Zast\u0119pca Prezesa \u2013 Wies\u0142awa Celeba\u0144ska<\/span><\/h3>\n<p>&nbsp;<\/p>\n<p>&nbsp;<\/p>\n<p>&nbsp;<\/p>\n<p>&nbsp;<\/p>\n<p>&nbsp;<\/p>\n<p>&nbsp;<\/p>\n<p>&nbsp;<\/p>\n","protected":false},"excerpt":{"rendered":"<p>Sk\u0142ad Zarz\u0105du Sp\u00f3\u0142dzielni: Prezes Zarz\u0105du \u2013 Renata J\u0119drych Zast\u0119pca Prezesa \u2013 Wies\u0142awa Celeba\u0144ska &nbsp; &nbsp; &nbsp; &nbsp; &nbsp; &nbsp; &nbsp;<\/p>\n","protected":false},"author":1,"featured_media":0,"parent":0,"menu_order":0,"comment_status":"closed","ping_status":"closed","template":"","meta":[],"_links":{"self":[{"href":"https:\/\/lokator-wloszczowa.pl\/index.php\/wp-json\/wp\/v2\/pages\/109"}],"collection":[{"href":"https:\/\/lokator-wloszczowa.pl\/index.php\/wp-json\/wp\/v2\/pages"}],"about":[{"href":"https:\/\/lokator-wloszczowa.pl\/index.php\/wp-json\/wp\/v2\/types\/page"}],"author":[{"embeddable":true,"href":"https:\/\/lokator-wloszczowa.pl\/index.php\/wp-json\/wp\/v2\/users\/1"}],"replies":[{"embeddable":true,"href":"https:\/\/lokator-wloszczowa.pl\/index.php\/wp-json\/wp\/v2\/comments?post=109"}],"version-history":[{"count":6,"href":"https:\/\/lokator-wloszczowa.pl\/index.php\/wp-json\/wp\/v2\/pages\/109\/revisions"}],"predecessor-version":[{"id":638,"href":"https:\/\/lokator-wloszczowa.pl\/index.php\/wp-json\/wp\/v2\/pages\/109\/revisions\/638"}],"wp:attachment":[{"href":"https:\/\/lokator-wloszczowa.pl\/index.php\/wp-json\/wp\/v2\/media?parent=109"}],"curies":[{"name":"wp","href":"https:\/\/api.w.org\/{rel}","templated":true}]}}

Skład Zarządu

<h2><span style="color: #000000;">Skład Zarządu Spółdzielni:</span></h2>
<h3><span style="color: #000000;">Prezes Zarządu – Renata Jędrych<br />
</span></h3>
<h3><span style="color: #000000;">Zastępca Prezesa – Wiesława Celebańska</span></h3>
<p>&nbsp;</p>
<p>&nbsp;</p>
<p>&nbsp;</p>
<p>&nbsp;</p>
<p>&nbsp;</p>
<p>&nbsp;</p>
<p>&nbsp;</p>

<p>Skład Zarządu Spółdzielni: Prezes Zarządu – Renata Jędrych Zastępca Prezesa – Wiesława Celebańska &nbsp; &nbsp; &nbsp; &nbsp; &nbsp; &nbsp; &nbsp;</p>
